 is -2731554 - -8?
-2731545
In base 5, what is -1033202444 - 20?
-1033203014
In base 10, what is 3868 - 579?
3289
In base 14, what is 129c + 5133a?
525d8
In base 13, what is -40c142c - -12?
-40c141a
In base 6, what is -3 + 112115414?
112115411
In base 2, what is -1011010100110000001101010 - -10?
-1011010100110000001101000
In base 16, what is -12 + -3174b?
-3175d
In base 5, what is -14132134 - -1302?
-14130332
In base 6, what is -2311 - 222313?
-225024
In base 4, what is -33 - 13302003302?
-13302010001
In base 2, what is 11011011100000011000011 - -1000?
11011011100000011001011
In base 12, what is -4 - 310987?
-31098b
In base 2, what is -1000 - -1011110110010101101100?
1011110110010101100100
In base 12, what is -4a2 + -5103?
-55a5
In base 5, what is -20333143331 + 113?
-20333143213
In base 11, what is 327 + 940a?
9736
In base 2, what is 10000000100100100000110110 - -100?
10000000100100100000111010
In base 7, what is 144110 - -2603?
150013
In base 8, what is 2111747 - 23?
2111724
In base 7, what is 4 + 1214332145?
1214332152
In base 8, what is -6 - 147113044?
-147113052
In base 4, what is 3120313 - -1130312?
10311231
In base 7, what is -5 + -210535022?
-210535030
In base 4, what is 10 + 1223133202211?
1223133202221
In base 8, what is -3 - -23305046?
23305043
In base 5, what is 141 - 243131313?
-243131122
In base 5, what is -1 + 1342111014321?
1342111014320
In base 9, what is 1458 + 1276574?
1278143
In base 8, what is 336000 - -136?
336136
In base 12, what is 9587 + 63bb?
13986
In base 9, what is 1355781 + 57?
1355848
In base 15, what is -15 - c9e47?
-c9e5c
In base 13, what is -833ac4 - 3?
-833ac7
In base 5, what is 10321030404 - 1?
10321030403
In base 8, what is 3026570 + -4754?
3021614
In base 11, what is -1 - -439425?
439424
In base 7, what is 5 + 316522422?
316522430
In base 13, what is -91a9 - 2688?
-b864
In base 10, what is -529971464 - 5?
-529971469
In base 10, what is 1 + -3098799?
-3098798
In base 11, what is -56 - 674979?
-674a24
In base 3, what is 21022111111100 + 10?
21022111111110
In base 13, what is 25133ca9 + 1?
25133caa
In base 13, what is 33750 + -16?
33737
In base 13, what is 8171c + 339?
81a58
In base 11, what is 158212 - 283?
157a3a
In base 9, what is 58188 + 550?
58748
In base 13, what is -1a75665 + -3?
-1a75668
In base 9, what is -36541 + -11361?
-48012
In base 8, what is 1463666 - -3?
1463671
In base 16, what is -5 - af8dcb?
-af8dd0
In base 13, what is 778b6 - 27?
7788c
In base 10, what is 2 + -37381079?
-37381077
In base 13, what is -4ab1 + 51b?
-4593
In base 14, what is -a + 61c2b73?
61c2b67
In base 10, what is -4 - 2140153?
-2140157
In base 10, what is -44 - -345272?
345228
In base 2, what is -10010000110100111100010101 + 11?
-10010000110100111100010010
In base 15, what is -42dd57d - 1?
-42dd57e
In base 14, what is -1a5 - -21203?
2103c
In base 5, what is 110201 + -114303?
-4102
In base 8, what is 4 - 1432763171?
-1432763165
In base 9, what is 36656 - -2152?
38818
In base 16, what is -1 - 3f4897?
-3f4898
In base 7, what is -22 - -1154556051?
1154556026
In base 12, what is 93b0b3 - -5?
93b0b8
In base 13, what is 709869 - -2?
70986b
In base 8, what is -12746367 - 0?
-12746367
In base 9, what is -1814550 + -2?
-1814552
In base 2, what is -100100100100 + 1010001101110?
101101001010
In base 6, what is 0 - -2350005?
2350005
In base 4, what is 13130 + 120233012?
120312202
In base 9, what is -15355 + -388?
-15754
In base 15, what is 93 - -58c41?
58cd4
In base 15, what is 8b969 + ab?
8ba25
In base 14, what is 2 - -40b4246?
40b4248
In base 10, what is 152 + -968834?
-968682
In base 13, what is c0b3 - -1703?
107b6
In base 15, what is 3 - -4b21bea?
4b21bed
In base 8, what is -124426330 + -4?
-124426334
In base 11, what is 7172 + 2aa6?
a168
In base 4, what is 0 - 3311223113023?
-3311223113023
In base 3, what is -12 + 21101211021010?
21101211020221
In base 11, what is -1 + -16737137?
-16737138
In base 3, what is -20022 - 112000102022221?
-112000102120020
In base 8, what is -1 + -123623176?
-123623177
In base 15, what is 6 + -52b2c15?
-52b2c0e
In base 2, what is 1010000111000 - -1010110110011?
10100111101011
In base 7, what is -366330 + -1120?
-400450
In base 15, what is 4 + 4060b6a?
4060b6e
In base 8, what is 41034 - 53?
40761
In base 4, what is 23101 + -13132103301?
-13132020200
In base 12, what is -39816067 - 8?
-39816073
In base 5, what is -342302 + -11314?
-404121
In base 5, what is -1130240 - -124330?
-1000410
In base 5, what is -442340030 + -41?
-442340121
In base 9, what is -17373637 - 15?
-17373653
In base 16, what is 145b1 - 1e1?
143d0
In base 3, what is 20110010201022 + 10?
20110010201102
In base 4, what is 112301 + -11302?
100333
In base 16, what is 50 + 6b043?
6b093
In base 3, what is -11221101212212110 - -10?
-11221101212212100
In base 8, what is -107072236 + 6?
-107072230
In base 13, what is -9a658 - 246?
-9a8a1
In base 3, what is 10 - 2000022001122?
-2000022001112
In base 14, what is 107 + 60613?
6071a
In base 15, what is -1559 + -7945e?
-7a9b8
In base 15, what is -2617 + -3?
-261a
In base 16, what is 0 - 12d8ead9?
-12d8ead9
In base 7, what is 212 - -14513144?
14513356
In base 16, what is -15c + -1d9f4?
-1db50
In base 16, what is 7bfd9 + -5d?
7bf7c
In base 4, what is 30 - -1022202330031?
1022202330121
In base 15, what is 2 + 333a42?
333a44
In base 3, what is 111111020201021100 - 10?
111111020201021020
In base 4, what is -1312232032223122 + 10?
-1312232032223112
In base 10, what is -237 + -46887?
-47124
In base 10, what is -32 + -343548?
-343580
In base 12, what is 5 - -8a2158?
8a2161
In base 14, what is 5 - -1701261?
1701266
In base 10, what is 1559 + 12427?
13986
In base 8, what is 4014623 - -2?
4014625
In base 10, what is 141 - 101519?
-101378
In base 16, what is c59d3 + 7?
c59da
In base 15, what is -1 - de25806?
-de25807
In base 13, what is -28aa - 138a1?
-1647b
In base 15, what is -789494c + 5?
-7894947
In base 11, what is -3 - aa51a87?
-aa51a8a
In base 2, what is -10 - -101111010010110010100010?
101111010010110010100000
In base 10, what is 1753320 - -1?
1753321
In base 8, what is 0 - -1136763070?
1136763070
In base 13, what is -197920956 - -2?
-197920954
In base 7, what is -21 - 16253024?
-16253045
In base 9, what is -661 - -34204?
33433
In base 4, what is -322 - 321301020?
-321302002
In base 4, what is 31 + 22223233?
22223330
In base 14, what is 897a8 + -53?
89755
In base 15, what is 101d50a + -2?
101d508
In base 7, what is 3262 + -26302?
-23010
In base 5, what is -200 + 10121113?
10120413
In base 14, what is 1c989a - -1b?
1c98b7
In base 7, what is 30653 - -333?
31316
In base 7, what is 26 - -54114611?
54114640
In base 5, what is 212410 - -4024?
221434
In base 2, what is 11011 - -1011010010110001011101011?
1011010010110001100000110
In base 7, what is -46132652106 + 3?
-46132652103
In base 13, what is -7a1510 - 17?
-7a1527
In base 16, what is e37 - -490b?
5742
In base 9, what is 180552 + -2365?
177176
In base 12, what is -6ba - 14b8?
-1bb6
In base 6, what is -400233 - -2104?
-354125
In base 8, what is -4202544 + 1?
-4202543
In base 14, what is b8 - 5992?
-58b8
In base 2, what is -1001 - -1010011001010101101101?
1010011001010101100100
In base 11, what is -389610 + -389?
-389999
In base 12, what is 7448 + -62?
73a6
In base 5, what is -1110342 + 2014042?
403200
In base 13, what is -538aab4 - -2?
-538aab2
In base 2, what is -110100000 + -11011001110110?
-11100000010110
In base 16, what is 5e + 449b?
44f9
In base 8, what is 75 - 66630?
-66533
In base 3, what is 1101010102211110 + -10?
1101010102211100
In base 12, what is -3709a - -74b?
-3654b
In base 10, what is 412313 - 988?
411325
In base 16, what is -10cbe6 + 15?
-10cbd1
In base 15, what is 4875e5 - -4?
4875e9
In base 7, what is -60 - -605341?
605251
In base 10, what is 16040322 + -12?
16040310
In base 13, what is 3cca9 - -b29?
40b05
In base 8, what is 3353417 - -17?
3353436
In base 14, what is 137c61 + -38?
137c27
In base 12, what is 2 + 43a1994b?
43a19951
In base 12, what is -22 + -468a705?
-468a727
In base 2, what is -110001100001 - -101001111110101?
100011110010100
In base 12, what is 2 + 1691b37?
1691b39
In base 16, what is 3 + 193f564?
193f567
In base 15, what is -1 + -287517a?
-287517b
In base 15, what is -3 - 325c38?
-325c3b
In base 12, what is 8533919 - -